v and w.
19
Let m(o) = -o**2 - o + 2. Let t be m(2). Let s be (-645)/(-12) - t/16. Calculate the greatest common divisor of s and 135.
27
Let s = 55 - -9. Suppose 0 = -2*x + 3*x + 1. Let c be (2*x)/((-2)/8). Calculate the greatest common factor of c and s.
8
Suppose -2*n + 47 = 3*f, -5*f = -0*f + 4*n - 79. Let x be (18/8)/((-18)/(-48)). What is the greatest common divisor of f and x?
3
Suppose 5*c - b + 2 = 13, -25 = -3*c - 4*b. Suppose -y + 4 = -4. Suppose -y*i + 7*i + 6 = 0. What is the greatest common divisor of c and i?
3
Let y = 12 - 12. Suppose -w + 12 + 18 = y. Calculate the highest common factor of w and 30.
30
Let n(s) = s**2 - 6*s + 5. Let a be n(6). Let o = a + 0. Calculate the highest common divisor of 40 and o.
5
Suppose 0 = 2*k - 7 - 9. Let j be ((-4)/k)/(1/(-32)). Let h be 1/(-2)*-4 + 62. What is the highest common divisor of j and h?
16
Let u = 12 + -19. Let x be u*5/(5/(-2)). Calculate the highest common divisor of x and 70.
14
Let p be (-714)/(-24) + (2/8 - 0). What is the highest common factor of 6 and p?
6
Suppose -g - 5*j = -0*j - 6, 2*j - 1 = g. Calculate the greatest common factor of 4 and g.
1
Let h(g) = 2*g**2 + 19*g + 16. Let t be h(-9). Suppose u - 35 + 14 = 0. What is the highest common factor of u and t?
7
Let f(j) = j**3 + 7*j**2 - 13*j - 10. Let l be f(-8). Let m = l + 6. Suppose 0 = -5*i + 109 + 11. What is the highest common factor of i and m?
12
Let f(i) = -7*i - 66 + 65 - 14*i. Let t = -4 + 3. Let q be f(t). What is the greatest common factor of q and 4?
4
Let i be (-580)/(-28) - (-6)/21. Suppose i + 18 = 3*g. What is the greatest common divisor of 65 and g?
13
Suppose -3*g - 4*a = a - 5, 5*g + a + 21 = 0. Let o = 5 + g. Let q(s) = -s**2 + 81. Let j be q(o). Calculate the greatest common factor of 9 and j.
9
Suppose -5*b + 220 = -5*u, -b - 4*b = 5*u + 200. Let p = u + 83. Suppose p = 4*l - 7. What is the greatest common factor of l and 60?
12
Suppose -2*n + 468 = -216. Let a = n + -234. Calculate the greatest common divisor of 12 and a.
12
Let w(r) be the first derivative of 11*r**2/2 + 4*r - 2. Let v be w(4). What is the greatest common divisor of v and 32?
16
Let u be (-12)/15*(-110)/2. Suppose f - 5*f - u = 0. Let g = f - -43. Calculate the highest common factor of 8 and g.
8
Let t(i) = -i**2 - i - 1. Let l be t(-2). Let o be (-11)/l*(6 + -3). Calculate the greatest common divisor of o and 88.
11
Let u(h) = 3 - 3 - 2*h. Let c be u(-1). Suppose -c*a = 7 - 55. What is the greatest common factor of 3 and a?
3
Let y be 2/8 + 2510/40. Suppose -27 = -4*u + 1. What is the highest common factor of u and y?
7
Let b(k) = k**2 + 5*k - 4. Let z be b(-5). Let d(h) = h**2 + 9*h + 8. Let n be d(-9). Let l = n + z. Calculate the greatest common divisor of 8 and l.
4
Let f be (-2)/(-3)*(-3)/(-2). Suppose c - 3 = -2*c. Let y be (c - 5)*1/(-2). What is the greatest common factor of f and y?
1
Let a be ((-1)/(-1))/(9/27). What is the greatest common factor of a and 27?
3
Suppose 3*t - 3*a + 0*a = -3, 5*a - 25 = 0. Let y be 17 + (-2)/(8/t). What is the highest common divisor of y and 8?
8
Let b(l) = 3*l**2 - 6*l + 4. Let k be b(4). Let h(j) = -j**2 - 9*j - 14. Let c be h(-6). What is the greatest common divisor of c and k?
4
Let r(s) = 16*s**2 + s - 1. Let k be r(1). Let c = k + 94. Let l be (-80)/12*3/(-2). Calculate the highest common factor of c and l.
10
Let i be (-1890)/(-28)*4/2. Calculate the highest common factor of 45 and i.
45
Suppose 1 = 2*j - 7. Let k be 6 + (-3)/(j + -1). What is the highest common factor of k and 45?
5
Let l = -93 + 177. Calculate the greatest common factor of l and 28.
28
Let p = 18 + -5. Calculate the highest common factor of 13 and p.
13
Let i = 11 - -11. Suppose n - 2*p + p - i = 0, -n + 5*p = -10. Suppose -2*l = -2*r + l + 13, -3*r + 2*l = -17. What is the highest common divisor of r and n?
5
Let q = -10 + 30. Suppose 4*x + 3*c = -c + 232, x + 3*c - 54 = 0. Calculate the greatest common divisor of x and q.
20
Let d(y) = y**2 - 2*y. Let w be d(-2). Suppose -2*r + w = 3*b - 14, 0 = 4*r + 5*b - 42. Let k = -8 + 16. What is the greatest common factor of k and r?
8
Let d = 1 - 1. Let l(n) be the second derivative of n**4/12 + n**3/6 + 6*n**2 - 3*n. Let o be l(d). Calculate the greatest common factor of 132 and o.
12
Let n be 2*(-3)/(-3)*42. Suppose -u - 2*u + n = 0. Calculate the greatest common factor of 7 and u.
7
Let m be 2/4*(18 - 8). Suppose -y + 2*n + m = -n, 0 = 3*y + 3*n - 75. Calculate the greatest common divisor of 160 and y.
20
Let p(i) = -i**2 - i. Suppose 0*w + 5*w = 5. Let q(j) = -2*j**2 + 4. Let d(s) = w*q(s) - 3*p(s). Let a be d(-4). What is the highest common factor of a and 4?
4
Let f be 91/2 - (-3)/(-6). Let s(d) = -16*d - 2. Let w be s(-2). What is the greatest common factor of f and w?
15
Let f be (-27)/(-2) - 9/(-6). What is the greatest common factor of 135 and f?
15
Let t be (-4)/2 - 70/(-2). Suppose 0*s = 3*s - t. Let o(c) = -c**2 + 5*c + 7. Let i be o(6). What is the greatest common divisor of i and s?
1
Let w = -278 + 443. Calculate the highest common divisor of 33 and w.
33
Suppose -4*l = -6*l + 364. What is the highest common factor of l and 26?
26
Let f(b) = -1 + 27*b + 3 - 9*b. Let h be f(1). What is the greatest common factor of h and 160?
20
Let k(x) = -12*x + 5. Let j be k(7). Let b = j - -145. Suppose -n = n - b. Calculate the highest common factor of n and 3.
3
Suppose 0 = -5*i + 40 + 5. Calculate the highest common factor of 6 and i.
3
Let y(d) = -d**3 - 7*d**2 - d. Let c be y(-6). Let t be 3*(-5)/(c/(-16)). Let f = t + 18. Calculate the greatest common factor of 25 and f.
5
Let w(g) = 11*g**3 - 2*g**2 - 2. Let r(t) = -67*t**3 + 13*t**2 + 13. Let b(v) = -6*r(v) - 39*w(v). Let p be b(-1). What is the highest common factor of 3 and p?
3
Let z = -648 - -1507. Suppose 2*r - 2*m - m = z, 0 = 5*r - 2*m - 2120. Let g = -251 + r. Calculate the greatest common factor of 19 and g.
19
Let r(p) = p**2 + 51. Let m be r(0). Suppose 6 - m = -3*a. What is the greatest common factor of a and 15?
15
Let d(y) = y**3 - y**2 - y - 1. Let v(a) = 5*a**3 + 2*a**2 + a - 10. Let b(z) = 4*d(z) - v(z). Let s be b(-6). Calculate the highest common factor of 12 and s.
12
Let t(j) = -j + 1. Let c(u) = 2*u + 11. Let q(o) = c(o) + 3*t(o). Let h be q(10). Calculate the highest common factor of 44 and h.
4
Let g = 31 + -21. Calculate the highest common divisor of g and 10.
10
Let c be (-13 - -3)*2/(-5). Suppose -o = c*w + 8 - 64, -o - 49 = -3*w. Calculate the greatest common divisor of 5 and w.
5
Let p(k) = 7*k - 1. Let j(b) = -b. Let q be (1 + -4)*(-2)/(-6). Let s(h) = q*p(h) - 2*j(h). Let o be s(-2). Calculate the highest common factor of 110 and o.
11
Suppose -g = -5*o + 3*g + 188, 65 = 2*o - 5*g. Calculate the highest common divisor of 16 and o.
8
Suppose -q = -3*u - 33, -2*q - 5*u + 0 = -33. Suppose -f + q = 3*f. Suppose o + 23 = 3*c, -1 - 25 = -c + 4*o. Calculate the highest common factor of c and f.
6
Suppose 2*a - 14 = 3*a. Let p be a/(8/((-4)/1)). Calculate the greatest common factor of p and 49.
7
Let b(s) = 0*s - 2 - 4*s**3 + 3*s**3 - s. Let h be b(0). Let x be (0 - -1)/(h/(-12)). Calculate the highest common divisor of 42 and x.
6
Suppose -s - 3*f = -3*s + 73, s = 5*f + 19. Calculate the highest common factor of 44 and s.
44
Let p(q) = -9*q - 12. Let v be p(-6). Calculate the highest common divisor of v and 105.
21
Suppose n = -40 + 160. Suppose -3*h + n = -0*h. Let j be (48/(-20))/((-6)/h). What is the greatest common divisor of 176 and j?
16
Let q be 2/(-6) - 148/(-12). Let d be 478/5 + (-2)/(-5). What is the highest common factor of q and d?
12
Suppose -4*f + 27 = -77. What is the highest common factor of f and 13?
13
Let r be (-75)/10*12/(-9). What is the highest common factor of 90 and r?
10
Suppose 0 = 2*w - 3*w + 13. What is the greatest common factor of w and 13?
13
Let y(q) = q**2 - 7*q - 10. Let z be y(9). Let n = 14 - z. Calculate the highest common factor of n and 6.
6
Let t = -8 + 10. Let v be -74*(-3)/3 - t. Let h = 18 - 9. What is the highest common divisor of h and v?
9
Suppose 3*j - 104 = -5*b, -3*j + 163 = 2*j - 2*b. Calculate the highest common factor of 11 and j.
11
Let f be 3*(20 + 3)*1. Suppose 46 = -0*q + 2*q. Calculate the highest common divisor of f and